0 and n?
5
Suppose 0 = 3*g + 22 + 62. Let l = 43 + g. What is the highest common divisor of 120 and l?
15
Let f = 160 + -88. Let d be (22 - -1)*888/3404. Calculate the highest common factor of f and d.
6
Let b = 1130 + -1124. What is the greatest common divisor of b and 26?
2
Suppose 0 = 2*b - 115 + 87. What is the highest common factor of 161 and b?
7
Suppose 3*w + 97 + 20 = 0. Let v be -4 + (2 - w - 1). What is the highest common divisor of v and 24?
12
Let a = -84 + 69. Let i be (-69)/((a/(-10))/(-1)). Calculate the greatest common factor of 414 and i.
46
Let x(j) = 4*j**3 + 48*j**2 + 8*j - 12. Let i be x(-7). Calculate the highest common factor of i and 12.
12
Let s = 107 + 348. Suppose s - 77 = 9*a. Calculate the highest common divisor of a and 12.
6
Let k be -8 + 5/(-5) + 54. Calculate the greatest common factor of 72 and k.
9
Let i(c) = c**3 + 8*c**2 + 5*c - 6. Let m be i(-7). Let g be m + -7 - (-14 + 0). What is the greatest common divisor of 45 and g?
15
Let c be (-116 - 0)/(94/(-188)). What is the highest common divisor of c and 72?
8
Suppose 2*f + 2*t - 814 = 0, -6*f + 4*t = -2*f - 1596. Calculate the greatest common divisor of f and 31.
31
Suppose 0 = 8*g + 28*g - 95472. Calculate the highest common factor of 17 and g.
17
Let i(m) = 25*m - 98. Let s be i(6). What is the highest common factor of 26 and s?
26
Let j = -420 + 460. What is the greatest common factor of j and 100?
20
Suppose 78 = 3*y - 2*t, -y - 66 = -4*y - 2*t. Let k = -1 + y. Let f = 889 - 774. What is the greatest common factor of k and f?
23
Let h = 1378 + -1214. Calculate the greatest common factor of h and 4.
4
Let u(z) = -14*z - 3. Let i be u(-5). Suppose 0 = 4*f + 19 - i. What is the highest common factor of f and 12?
12
Let s be 36955/76 + 1/4*-1. Calculate the highest common factor of 18 and s.
18
Let f = 286 + -275. What is the highest common divisor of 297 and f?
11
Let n = -423 - -426. Calculate the highest common divisor of 27 and n.
3
Suppose -6543 = -44*m - 1615. What is the highest common divisor of 784 and m?
112
Let t(r) = -r**3 + 4*r**2 - 4*r + 4. Let p be 9/4 + 21/28. Let w be t(p). Let q be 15*w/(-9)*-3. Calculate the highest common divisor of 5 and q.
5
Let h(c) = -3*c**2 - 4*c + 34. Let k be h(-3). What is the highest common divisor of 323 and k?
19
Suppose -2*r + 5*r - 3 = 0. Let l be (r/3)/(7/21). Let x(m) = m**3 + 5*m**2 + 3*m + 5. Let t be x(-4). Calculate the highest common divisor of t and l.
1
Suppose 411 = f + 211. Calculate the greatest common factor of f and 700.
100
Let b = 1665 - 1642. Calculate the highest common divisor of b and 1.
1
Let m = 381 - 361. Calculate the greatest common factor of m and 170.
10
Let u be ((-130)/(-15))/((-2)/(-3)). Let x(j) = j**3 - 14*j**2 + 14*j - 5. Let a be x(u). Let h = 26 + 14. Calculate the greatest common divisor of a and h.
8
Let y be (6/5)/(-4 - (-4805)/1200). Calculate the highest common factor of y and 64.
32
Suppose 4*a - 4*j = 44, 2*j = 5*a + 1 - 41. Suppose -a*w + 168 = -3*w. What is the highest common factor of w and 28?
28
Suppose -152 = -0*d - 4*d + 3*n, -5*d = 3*n - 217. Calculate the greatest common factor of d and 41.
41
Let r(k) = -k**3 - 2*k**2 - k. Let f be r(-1). Suppose f = -l - 2*l. Suppose 2*j - 7 = -3*g, -j - 4*g + l = 4. Calculate the highest common divisor of j and 1.
1
Let w = -607 - -648. What is the highest common factor of w and 1599?
41
Suppose -2*z = 2*g - 90, 3*z - g = -z + 205. Calculate the greatest common factor of z and 175.
25
Let b = -3271 - -4746. What is the greatest common divisor of 59 and b?
59
Let n(l) = 57*l + 588. Let i be n(-10). Let o(v) = 2*v**2 + 6*v. Let x be o(-6). What is the highest common factor of x and i?
18
Let x(b) = -b**3 + 10*b**2 + 24*b + 12. Let v be x(12). Suppose -2 - v = -2*k + y, 3*y + 27 = 3*k. What is the greatest common divisor of k and 40?
5
Let v(z) = -z**2 + 12*z + 231. Let d be v(22). Calculate the highest common factor of 13 and d.
1
Suppose 2*m + 63 = 5*m - 3*h, -m + 3*h + 29 = 0. Let x = -9 + m. Calculate the greatest common factor of 12 and x.
4
Let a = -30 + 25. Let v be (-317)/a + (-20)/50. What is the highest common divisor of v and 7?
7
Let q(p) = -8*p - 12. Let f be q(-5). Let u be (-7068)/42 - (-4)/14. Let r = 280 + u. What is the highest common divisor of r and f?
28
Let j(k) = 6*k**2 + 8*k - 6. Let q be j(5). Let c = 29 + -27. Suppose -a - 1 = -c*r - 34, 0 = r + 5. Calculate the greatest common factor of a and q.
23
Suppose 2041 = 11*d - 1952. Calculate the highest common factor of d and 33.
33
Let z be (-8)/(-16)*(2/(-2) - -21). Let v be z/(-2) + 5 - 63*-1. What is the greatest common factor of v and 9?
9
Let h = 32 + 320. Suppose x - h = -x. Let z(a) = 3*a**2 - 13*a - 14. Let c be z(6). What is the highest common factor of c and x?
16
Suppose 2*f - 40 = -6*f. Suppose 4*x - f*b - 235 = 0, 83 = x + 3*b + 20. Let d be (-4)/10 + (-122)/(-5). Calculate the greatest common divisor of d and x.
12
Suppose 2*k = -4*k + 72. Calculate the highest common factor of 66 and k.
6
Let w(p) = -p**2 + 38*p - 225. Let y be w(27). What is the greatest common factor of y and 126?
18
Let v(d) = 100*d**2 - 7*d - 14. Let n be v(-2). Calculate the greatest common divisor of 25 and n.
25
Suppose 0 = -2*m - 1 + 5. Suppose 4*s = 5*s - m. Suppose -r + s = -8. Calculate the greatest common factor of 15 and r.
5
Let n(a) = 14 + 2*a**2 - 8*a - 8*a**2 + 7*a**2. Let f be n(6). Calculate the highest common factor of f and 18.
2
Let k = -167 + 611. What is the greatest common divisor of 24 and k?
12
Let g = -4 + 7. Suppose -4*c + 492 = 4*m, -c - 2 = g. Suppose -5*d + 12 = -m. What is the greatest common factor of d and 42?
14
Let g = -1331 - -1346. Calculate the greatest common divisor of 705 and g.
15
Suppose 3*f - 156 = -3*q, -2*q - 4 = -4*q. Let z(c) = -3*c**3 - 4*c**2 + 4*c + 13. Let j be z(-4). What is the greatest common divisor of f and j?
25
Let o(n) = 4*n**3 - 2*n**2 + 2*n - 6. Let t be o(3). Suppose -u = 3*b - 55, t = 4*u + b - 119. Calculate the highest common divisor of u and 26.
26
Let k = 763 + -723. What is the greatest common factor of k and 260?
20
Suppose -l + 4*l = 27. Let v be (l/(-2))/((-1)/2). Suppose -6*i + 2*i - 19 = -y, 104 = 4*y - 2*i. What is the greatest common divisor of v and y?
9
Suppose 4*u - 5*u + 5 = n, -7 = -n - 2*u. Let o(m) = -11*m**n + m - 3*m + 3*m - m**2 - 2. Let a be o(-2). Calculate the greatest common factor of a and 32.
16
Let l(b) = b**3 - 7*b**2 + 4*b - 1. Let y be 1*(1 + (-2 - -8)). Let k be l(y). What is the greatest common divisor of k and 108?
27
Suppose 836 = 448*w - 447*w. Calculate the greatest common factor of w and 152.
76
Let j(p) = -2*p**3 + 19*p**2 + 14*p. Let t be j(10). What is the greatest common factor of 40 and t?
40
Let y be (-22)/(-6) + 6/(-9). Suppose -y*s - 4*f = -468, f = 2*f - 3. Let u be (1 + 0)/(19/s). Calculate the greatest common divisor of u and 16.
8
Let q(n) be the second derivative of n**4/3 - n**3 + 4*n. Suppose 0 = r - 6 + 2. Let o be q(r). Calculate the highest common divisor of 10 and o.
10
Let n = -1 - -4. Let a(s) = s - 1. Let y be a(n). Suppose -4*v + 92 = -4*p + y*p, 4*p = -2*v + 56. Calculate the greatest common factor of v and 72.
24
Suppose -5*z = 5*k - z - 472, 3*k - 294 = 3*z. What is the greatest common divisor of k and 36?
12
Suppose -99 = -3*p - 3*z, -5*p - z = -286 + 105. Suppose -4*d - 1673 = -5*f, -3*f - 2*f - 2*d + 1661 = 0. What is the highest common divisor of p and f?
37
Let s = -28 - -28. Suppose 3*b + s = 195. Calculate the highest common divisor of 13 and b.
13
Let i(m) = -m**2 + 9*m + 22. Let f be i(9). Suppose 4*h - f = -2. Suppose -z = -h*z + 20. Calculate the greatest common divisor of 10 and z.
5
Suppose 0*q + q = -7. Let u be (-6)/3 - (q - -5). Suppose 5*i + 7 = 2*w, u = w - 3*w - 4*i + 34. Calculate the highest common divisor of 22 and w.
11
Let h(o) = o**3 - 5*o**2 + 5*o + 5. Let f = 33 + -33. Suppose f = -11*v + 16*v - 25. Let c be h(v). What is the highest common divisor of 210 and c?
30
Let o be (-16)/(-3) - 2/(-3). Let h = -18 - -49. Suppose -4*d - h - 29 = -4*g, 3*g - d - 45 = 0. What is the greatest common divisor of g and o?
3
Let p(b) = -2*b**2 - 14*b + 8. Suppose 30*w = 34*w + 16. Let r be p(w). Calculate the greatest common div